{"id":65,"date":"2025-10-20T13:32:23","date_gmt":"2025-10-20T10:32:23","guid":{"rendered":"https:\/\/avcilargunlukkiralikev.com\/?page_id=65"},"modified":"2025-10-20T13:47:28","modified_gmt":"2025-10-20T10:47:28","slug":"hakkimizda","status":"publish","type":"page","link":"https:\/\/avcilargunlukkiralikev.com\/index.php\/hakkimizda\/","title":{"rendered":"Hakk\u0131m\u0131zda"},"content":{"rendered":"<div class=\"wp-block-image\">\n<figure class=\"aligncenter size-full\"><img loading=\"lazy\" decoding=\"async\" width=\"900\" height=\"370\" src=\"https:\/\/avcilargunlukkiralikev.com\/wp-content\/uploads\/2025\/10\/hakkimizda.webp\" alt=\"\" class=\"wp-image-71\" srcset=\"https:\/\/avcilargunlukkiralikev.com\/wp-content\/uploads\/2025\/10\/hakkimizda.webp 900w, https:\/\/avcilargunlukkiralikev.com\/wp-content\/uploads\/2025\/10\/hakkimizda-300x123.webp 300w, https:\/\/avcilargunlukkiralikev.com\/wp-content\/uploads\/2025\/10\/hakkimizda-768x316.webp 768w\" sizes=\"auto, (max-width: 900px) 100vw, 900px\" \/><\/figure>\n<\/div>\n\n\n<p><\/p>\n\n\n\n<p><\/p>\n\n\n\n<hr class=\"wp-block-separator has-alpha-channel-opacity is-style-wide\"\/>\n\n\n\n<p><strong>HAKKIMIZDA<\/strong><\/p>\n\n\n\n<p>2012 Y\u0131l\u0131ndan bu yana \u0130stanbul Avc\u0131lar&#8217;da bir \u00e7ok m\u00fc\u015fterimize memnun kalaca\u011f\u0131 konaklama hizmeti sunmaya devam ediyoruz. Kaliteli, G\u00fcvenilir ve Hijyenik Odalar\u0131m\u0131z ile g\u00fczel zamanlar ge\u00e7irmenizi sa\u011fl\u0131yoruz.<\/p>\n\n\n\n<p>Google yorumlar \u00fczerinden m\u00fc\u015fteri memnuniyetimizin en \u00fcstte oldu\u011funu rahatl\u0131kla g\u00f6rebilir ve sizde bu m\u00fckemmel hizmetten faydalanabilirsiniz.<\/p>\n\n\n\n<p>Onlarca y\u0131ll\u0131k tecr\u00fcbemiz ve binlerce m\u00fc\u015fteri deneyimimiz ile hep \u00e7ok daha iyisi i\u00e7in \u00e7al\u0131\u015f\u0131yoruz.<\/p>\n\n\n\n<p>Sizleri de aram\u0131zda g\u00f6rmekten mutluluk duyaca\u011f\u0131z.<\/p>\n\n\n\n<p>Avc\u0131lar G\u00fcm\u00fc\u015fpala&#8217;daki yerimize mutlaka bekliyoruz. Bizi denemeden karar vermeyin&#8230;<\/p>\n","protected":false},"excerpt":{"rendered":"<p>HAKKIMIZDA 2012 Y\u0131l\u0131ndan bu yana \u0130stanbul Avc\u0131lar&#8217;da bir \u00e7ok m\u00fc\u015fterimize memnun kalaca\u011f\u0131 konaklama hizmeti sunmaya devam ediyoruz. Kaliteli, G\u00fcvenilir ve Hijyenik Odalar\u0131m\u0131z ile g\u00fczel zamanlar ge\u00e7irmenizi sa\u011fl\u0131yoruz. Google yorumlar \u00fczerinden m\u00fc\u015fteri memnuniyetimizin en \u00fcstte oldu\u011funu rahatl\u0131kla g\u00f6rebilir ve sizde bu m\u00fckemmel hizmetten faydalanabilirsiniz. Onlarca y\u0131ll\u0131k tecr\u00fcbemiz ve binlerce m\u00fc\u015fteri deneyimimiz ile hep \u00e7ok daha iyisi i\u00e7in \u00e7al\u0131\u015f\u0131yoruz. Sizleri de aram\u0131zda g\u00f6rmekten mutluluk duyaca\u011f\u0131z. Avc\u0131lar G\u00fcm\u00fc\u015fpala&#8217;daki yerimize mutlaka bekliyoruz. Bizi denemeden karar vermeyin&#8230;<\/p>\n","protected":false},"author":1,"featured_media":0,"parent":0,"menu_order":0,"comment_status":"closed","ping_status":"closed","template":"","meta":{"footnotes":""},"class_list":["post-65","page","type-page","status-publish","hentry"],"_links":{"self":[{"href":"https:\/\/avcilargunlukkiralikev.com\/index.php\/wp-json\/wp\/v2\/pages\/65","targetHints":{"allow":["GET"]}}],"collection":[{"href":"https:\/\/avcilargunlukkiralikev.com\/index.php\/wp-json\/wp\/v2\/pages"}],"about":[{"href":"https:\/\/avcilargunlukkiralikev.com\/index.php\/wp-json\/wp\/v2\/types\/page"}],"author":[{"embeddable":true,"href":"https:\/\/avcilargunlukkiralikev.com\/index.php\/wp-json\/wp\/v2\/users\/1"}],"replies":[{"embeddable":true,"href":"https:\/\/avcilargunlukkiralikev.com\/index.php\/wp-json\/wp\/v2\/comments?post=65"}],"version-history":[{"count":6,"href":"https:\/\/avcilargunlukkiralikev.com\/index.php\/wp-json\/wp\/v2\/pages\/65\/revisions"}],"predecessor-version":[{"id":77,"href":"https:\/\/avcilargunlukkiralikev.com\/index.php\/wp-json\/wp\/v2\/pages\/65\/revisions\/77"}],"wp:attachment":[{"href":"https:\/\/avcilargunlukkiralikev.com\/index.php\/wp-json\/wp\/v2\/media?parent=65"}],"curies":[{"name":"wp","href":"https:\/\/api.w.org\/{rel}","templated":true}]}}